the greatest common divisor of 200529 and 1569267?
189
What is the highest common divisor of 27908 and 35084?
4
Calculate the greatest common divisor of 4657 and 549400261.
4657
Calculate the highest common factor of 30823 and 11453.
13
What is the greatest common factor of 5580048 and 336?
48
Calculate the highest common factor of 252 and 2564436.
84
What is the greatest common factor of 14981370 and 62?
62
What is the greatest common divisor of 6314306 and 855464?
3506
Calculate the greatest common factor of 10620 and 444347172.
2124
What is the highest common factor of 1788021784 and 34?
34
Calculate the highest common factor of 38306 and 3525222.
214
What is the greatest common factor of 177871435 and 511?
511
Calculate the greatest common divisor of 1517290 and 120.
10
What is the greatest common factor of 11914 and 5080544?
518
Calculate the highest common factor of 168208 and 17776.
16
Calculate the greatest common divisor of 61746 and 64083.
123
What is the greatest common divisor of 1247 and 53881451?
43
Calculate the greatest common factor of 290 and 54476.
2
What is the greatest common factor of 15093 and 8610732?
351
Calculate the greatest common factor of 58140 and 3551708.
1292
What is the greatest common factor of 2214595 and 15?
5
Calculate the greatest common factor of 94697 and 115591.
337
Calculate the highest common divisor of 190718 and 121.
11
Calculate the greatest common divisor of 92888 and 294420127.
11611
Calculate the highest common divisor of 1082 and 32461623.
541
Calculate the highest common factor of 86020 and 685355.
935
What is the highest common factor of 33843 and 561327?
1167
Calculate the greatest common divisor of 56631 and 6220191.
1317
Calculate the greatest common factor of 124972 and 1575284.
796
Calculate the greatest common factor of 3789784 and 40.
8
Calculate the highest common factor of 11063384 and 3698.
86
What is the highest common factor of 52312734 and 171?
9
What is the greatest common factor of 1984 and 81421376?
1984
What is the highest common factor of 5965758 and 14?
2
Calculate the greatest common factor of 5324 and 11763983.
121
Calculate the highest common factor of 145523593 and 5702.
2851
Calculate the highest common divisor of 31080 and 1271865.
105
What is the greatest common divisor of 2476557 and 1170?
9
What is the highest common factor of 95361 and 42735?
21
What is the greatest common factor of 20037969 and 189441?
6111
What is the highest common factor of 116 and 17521916?
116
What is the greatest common factor of 143380 and 50585?
335
What is the highest common factor of 1513587 and 54492?
717
Calculate the highest common divisor of 64071025 and 300.
25
Calculate the greatest common divisor of 338 and 841906.
26
Calculate the highest common divisor of 3 and 4939623.
3
Calculate the highest common factor of 237 and 35821207.
79
What is the highest common factor of 243 and 4987878?
3
What is the greatest common divisor of 4069 and 107016?
13
Calculate the highest common divisor of 93938 and 144638.
26
What is the greatest common divisor of 35 and 2037280035?
35
Calculate the greatest common divisor of 1644288 and 19452.
12
Calculate the highest common divisor of 49 and 192298393.
49
Calculate the greatest common divisor of 77782 and 2.
2
What is the greatest common factor of 561 and 15356406?
51
What is the greatest common divisor of 1991 and 486709?
181
Calculate the greatest common divisor of 7085 and 3730805.
65
Calculate the highest common factor of 26936 and 1839344.
3848
What is the greatest common factor of 2023332 and 123?
3
What is the greatest common divisor of 213318736 and 7872?
656
Calculate the highest common factor of 32541130 and 2220.
370
Calculate the highest common factor of 77486 and 27948.
34
What is the greatest common factor of 6254 and 169094?
118
Calculate the greatest common factor of 3724 and 6376476.
76
Calculate the highest common factor of 24916675 and 175.
175
What is the highest common divisor of 216 and 24837768?
72
Calculate the highest common divisor of 5189191 and 358883.
1169
Calculate the highest common divisor of 900384 and 16023648.
7968
What is the highest common divisor of 1092373 and 1?
1
Calculate the greatest common divisor of 689 and 3423959.
53
Calculate the greatest common factor of 2298 and 278184.
6
What is the highest common divisor of 64625 and 70829?
517
What is the highest common divisor of 387744 and 115584?
672
What is the highest common factor of 81754800 and 1200?
1200
What is the greatest common divisor of 215541 and 4563?
27
What is the highest common factor of 2224 and 111432686?
278
What is the highest common factor of 2680 and 3398830?
10
Calculate the greatest common divisor of 808552 and 45998.
422
What is the greatest common factor of 3452704 and 704?
32
What is the highest common factor of 91529870 and 102?
34
What is the greatest common divisor of 38866406 and 16604?
1186
What is the greatest common divisor of 1794 and 490866?
138
Calculate the greatest common factor of 12283 and 769356.
71
Calculate the greatest common factor of 92700 and 1176.
12
Calculate the greatest common factor of 50 and 7458650.
50
Calculate the greatest common divisor of 42562 and 14274.
26
Calculate the highest common divisor of 385225 and 9652.
19
Calculate the greatest common factor of 11885888 and 320.
64
Calculate the highest common factor of 181943599 and 2734.
1367
Calculate the highest common divisor of 2310 and 455301.
231
Calculate the greatest common factor of 28 and 1052346652.
28
What is the highest common divisor of 1551278198 and 1966?
1966
Calculate the highest common factor of 13266 and 4661190.
1206
What is the greatest common factor of 29315 and 245818001?
5863
What is the greatest common factor of 71890 and 29867530?
5530
Calculate the highest common factor of 50337 and 107019.
423
What is the greatest common factor of 24473048 and 6308?
332
Calculate the greatest common factor of 105388797 and 255.
51
Calculate the greatest common factor of 8101405 and 805.
115
What is the highest common divisor of 22518 and 4358762?
278
What is the greatest common divisor of 371414 and 2?
2
Calculate the greatest common factor of 49786 and 77234.
146
What is the greatest common factor of 13056 and 264942144?
3264
Calculate the greatest common divisor of 15004 and 6072748.
484
Calculate the greatest common factor of 1039140 and 46937.
251
What is the highest common factor of 3896048 and 1664?
208
What is the greatest common divisor of 17296279 and 91168?
2849
What is the highest common factor of 213269325 and 29180?
7295
Calculate the greatest common factor of 45806 and 131757.
37
What is the greatest common divisor of 100 and 2841425?
25
What is the highest common factor of 30 and 396940920?
30
Calculate the greatest common divisor of 293748 and 872098.
538
Calculate the highest common divisor of 3511080 and 6120.
360
What is the highest common factor of 351798 and 8772?
102
Calculate the highest common factor of 202 and 3227657.
101
Calculate the highest common factor of 13833 and 1296909.
261
What is the greatest common factor of 5732690 and 297840?
730
What is the highest common divisor of 4815 and 2434464?
963
What is the highest common divisor of 2784 and 23131589?
29
Calculate the highest common factor of 1456 and 24542224.
112
What is the greatest common divisor of 21850303 and 502?
251
What is the highest common divisor of 502536051 and 9?
9
What is the greatest common factor of 4431035 and 315?
35
What is the highest common factor of 951045 and 135?
15
Calculate the highest common divisor of 208 and 122427266.
26
Calculate the highest common factor of 429287453 and 218.
109
What is the highest common divisor of 1336421 and 459?
17
Calculate the greatest common divisor of 74245 and 177230.
2395
What is the highest common factor of 820736 and 2022986?
3206
What is the greatest common divisor of 376488 and 18755676?
2988
Calculate the greatest common divisor of 256 and 229359744.
128
What is the highest common factor of 290577 and 1436582?
959
Calculate the highest common divisor of 96 and 3989728.
32
What is the highest common divisor of 405817214 and 22?
22
Calculate the greatest common factor of 11762 and 480.
2
C